{"id":25,"date":"2025-07-09T22:39:27","date_gmt":"2025-07-09T22:39:27","guid":{"rendered":"https:\/\/za-bolje-sutra.ddmaestral.hr\/?page_id=25"},"modified":"2025-12-15T11:38:39","modified_gmt":"2025-12-15T10:38:39","slug":"o-projektu","status":"publish","type":"page","link":"https:\/\/za-bolje-sutra.ddmaestral.hr\/?page_id=25","title":{"rendered":"O projektu"},"content":{"rendered":"<p>[et_pb_section fb_built=&#8221;1&#8243; admin_label=&#8221;Image&#8221; _builder_version=&#8221;4.27.5&#8243; _module_preset=&#8221;default&#8221; background_enable_color=&#8221;off&#8221; use_background_color_gradient=&#8221;on&#8221; background_color_gradient_stops=&#8221;#282e6d 0%|#4449e0 50%|#ffffff 50%&#8221; custom_padding=&#8221;||||false|false&#8221; collapsed=&#8221;on&#8221; global_colors_info=&#8221;{}&#8221;][et_pb_row _builder_version=&#8221;4.19.2&#8243; _module_preset=&#8221;default&#8221; custom_padding=&#8221;0px||0px||true|false&#8221; global_colors_info=&#8221;{}&#8221;][et_pb_column type=&#8221;4_4&#8243; _builder_version=&#8221;4.19.2&#8243; _module_preset=&#8221;default&#8221; global_colors_info=&#8221;{}&#8221;][et_pb_text _builder_version=&#8221;4.27.5&#8243; _module_preset=&#8221;5340bac4-8784-43c1-9825-3294576edf62&#8243; header_text_color=&#8221;#FFFFFF&#8221; custom_margin=&#8221;||10px||false|false&#8221; global_colors_info=&#8221;{}&#8221;]<\/p>\n<h1>O projektu<\/h1>\n<p>[\/et_pb_text][\/et_pb_column][\/et_pb_row][et_pb_row custom_padding_last_edited=&#8221;off|desktop&#8221; _builder_version=&#8221;4.19.2&#8243; _module_preset=&#8221;default&#8221; custom_padding=&#8221;0px||0px||true|false&#8221; custom_padding_tablet=&#8221;30px|30px|30px|30px|true|true&#8221; custom_padding_phone=&#8221;20px|20px|20px|20px|true|true&#8221; border_radii=&#8221;on|15px|15px|15px|15px&#8221; border_width_all=&#8221;20px&#8221; border_color_all=&#8221;#FFFFFF&#8221; global_colors_info=&#8221;{}&#8221;][et_pb_column type=&#8221;4_4&#8243; _builder_version=&#8221;4.19.2&#8243; _module_preset=&#8221;default&#8221; global_colors_info=&#8221;{}&#8221;][et_pb_image src=&#8221;https:\/\/za-bolje-sutra.ddmaestral.hr\/wp-content\/uploads\/2025\/12\/zbs-016.png&#8221; title_text=&#8221;lms-15&#8243; align=&#8221;center&#8221; force_fullwidth=&#8221;on&#8221; _builder_version=&#8221;4.27.5&#8243; _module_preset=&#8221;default&#8221; global_colors_info=&#8221;{}&#8221;][\/et_pb_image][\/et_pb_column][\/et_pb_row][\/et_pb_section][et_pb_section fb_built=&#8221;1&#8243; admin_label=&#8221;Courses&#8221; _builder_version=&#8221;4.19.2&#8243; _module_preset=&#8221;default&#8221; background_color=&#8221;#F8FAFB&#8221; collapsed=&#8221;on&#8221; global_colors_info=&#8221;{}&#8221;][et_pb_row column_structure=&#8221;2_5,3_5&#8243; _builder_version=&#8221;4.19.2&#8243; _module_preset=&#8221;default&#8221; global_colors_info=&#8221;{}&#8221;][et_pb_column type=&#8221;2_5&#8243; _builder_version=&#8221;4.19.2&#8243; _module_preset=&#8221;default&#8221; global_colors_info=&#8221;{}&#8221;][et_pb_image src=&#8221;https:\/\/za-bolje-sutra.ddmaestral.hr\/wp-content\/uploads\/2025\/11\/lms2.png&#8221; title_text=&#8221;lms2&#8243; _builder_version=&#8221;4.19.2&#8243; _module_preset=&#8221;default&#8221; global_colors_info=&#8221;{}&#8221;][\/et_pb_image][\/et_pb_column][et_pb_column type=&#8221;3_5&#8243; _builder_version=&#8221;4.19.2&#8243; _module_preset=&#8221;default&#8221; global_colors_info=&#8221;{}&#8221;][et_pb_text _builder_version=&#8221;4.19.2&#8243; _module_preset=&#8221;f94c52f0-05cf-4ab1-a4a7-374f218dd828&#8243; custom_margin=&#8221;||10px||false|false&#8221; global_colors_info=&#8221;{}&#8221;]<\/p>\n<h2>O projektu &#8220;Za Bolje Sutra&#8221;: Edukacija Koja Mijenja \u017divote<\/h2>\n<p>[\/et_pb_text][et_pb_text _builder_version=&#8221;4.19.2&#8243; _module_preset=&#8221;8435559a-7cc3-4a27-b19d-e7fe6748aa94&#8243; global_colors_info=&#8221;{}&#8221;]<\/p>\n<p>Smatramo da je <b>edukacija iznimno va\u017ena<\/b>, jer je klju\u010d svakog osobnog i karijernog napretka. Kroz ovaj projekt \u017eelimo vam otvoriti vrata prema novim znanjima i vje\u0161tinama, daju\u0107i vam uvid u <b>sve Va\u0161e mogu\u0107nosti<\/b> za daljnji rast i razvoj u karijernom smislu.<\/p>\n<p>[\/et_pb_text][\/et_pb_column][\/et_pb_row][et_pb_row column_structure=&#8221;3_5,2_5&#8243; _builder_version=&#8221;4.19.2&#8243; _module_preset=&#8221;default&#8221; global_colors_info=&#8221;{}&#8221;][et_pb_column type=&#8221;3_5&#8243; _builder_version=&#8221;4.19.2&#8243; _module_preset=&#8221;default&#8221; global_colors_info=&#8221;{}&#8221;][et_pb_text _builder_version=&#8221;4.19.2&#8243; _module_preset=&#8221;f94c52f0-05cf-4ab1-a4a7-374f218dd828&#8243; custom_margin=&#8221;||10px||false|false&#8221; global_colors_info=&#8221;{}&#8221;]<\/p>\n<h2>Na\u0161a Raznolika Ponuda za Va\u0161 Napredak<\/h2>\n<p>[\/et_pb_text][et_pb_text _builder_version=&#8221;4.19.2&#8243; _module_preset=&#8221;8435559a-7cc3-4a27-b19d-e7fe6748aa94&#8243; global_colors_info=&#8221;{}&#8221;]<\/p>\n<p data-path-to-node=\"6\">Na platformi \u0107ete prona\u0107i raznovrsne kategorije, namijenjene svima \u2013 bez obzira na to \u017eelite li se prekvalificirati, zavr\u0161iti srednju \u0161kolu ili jednostavno nau\u010diti ne\u0161to novo iz hobija. Imate mnogobrojne mogu\u0107nosti za sve interese:<\/p>\n<ul data-path-to-node=\"7\">\n<li>\n<p data-path-to-node=\"7,0,0\"><b>Strani jezici:<\/b> Novi jezik otvara nova poslovna i putni\u010dka vrata.<\/p>\n<\/li>\n<li>\n<p data-path-to-node=\"7,1,0\"><b>Kulinarstvo i slastice:<\/b> Ostvarite svoju strast i steknite vje\u0161tine tra\u017eene u gastronomiji.<\/p>\n<\/li>\n<li>\n<p data-path-to-node=\"7,2,0\"><b>Kozmetika:<\/b> Usvojite znanja iz beauty industrije i zapo\u010dnite vlastiti posao.<\/p>\n<\/li>\n<li>\n<p data-path-to-node=\"7,3,0\"><b>Prekvalifikacije i Ve\u010dernje \u0161kole:<\/b> Najbr\u017ei put do slu\u017ebene diplome i novog, tra\u017eenog zanimanja.<\/p>\n<\/li>\n<\/ul>\n<p>[\/et_pb_text][\/et_pb_column][et_pb_column type=&#8221;2_5&#8243; _builder_version=&#8221;4.19.2&#8243; _module_preset=&#8221;default&#8221; global_colors_info=&#8221;{}&#8221;][et_pb_image src=&#8221;https:\/\/za-bolje-sutra.ddmaestral.hr\/wp-content\/uploads\/2025\/11\/lms-5.png&#8221; title_text=&#8221;lms-5&#8243; _builder_version=&#8221;4.19.2&#8243; _module_preset=&#8221;default&#8221; locked=&#8221;off&#8221; global_colors_info=&#8221;{}&#8221;][\/et_pb_image][\/et_pb_column][\/et_pb_row][et_pb_row column_structure=&#8221;1_2,1_2&#8243; _builder_version=&#8221;4.19.2&#8243; _module_preset=&#8221;default&#8221; custom_margin=&#8221;||30px||false|false&#8221; locked=&#8221;off&#8221; global_colors_info=&#8221;{}&#8221;][et_pb_column type=&#8221;1_2&#8243; _builder_version=&#8221;4.19.2&#8243; _module_preset=&#8221;default&#8221; global_colors_info=&#8221;{}&#8221;][et_pb_image src=&#8221;https:\/\/za-bolje-sutra.ddmaestral.hr\/wp-content\/uploads\/2025\/11\/lms-6.png&#8221; title_text=&#8221;lms-6&#8243; _builder_version=&#8221;4.19.2&#8243; _module_preset=&#8221;default&#8221; global_colors_info=&#8221;{}&#8221;][\/et_pb_image][\/et_pb_column][et_pb_column type=&#8221;1_2&#8243; _builder_version=&#8221;4.19.2&#8243; _module_preset=&#8221;default&#8221; global_colors_info=&#8221;{}&#8221;][et_pb_text _builder_version=&#8221;4.19.2&#8243; _module_preset=&#8221;f94c52f0-05cf-4ab1-a4a7-374f218dd828&#8243; custom_margin=&#8221;||10px||false|false&#8221; global_colors_info=&#8221;{}&#8221;]<\/p>\n<h2>Misija &#8220;Za Bolje Sutra&#8221;: Podr\u0161ka Mladima<\/h2>\n<p>[\/et_pb_text][et_pb_text _builder_version=&#8221;4.27.5&#8243; _module_preset=&#8221;8435559a-7cc3-4a27-b19d-e7fe6748aa94&#8243; global_colors_info=&#8221;{}&#8221;]<\/p>\n<p data-path-to-node=\"9\">Ovaj projekt ima jo\u0161 dublji smisao. \u017delimo izravno pomo\u0107i nama \u2013 <b>mladima u \u201epovremenoj podr\u0161ci Maestrala\u201c<\/b> \u2013 da platimo svoje te\u010dajeve i edukacije. Obrazovanje i daljnje razvijanje na\u0161ih potencijala u karijernom smislu iznimno je va\u017eno, pogotovo za nas koji smo u sustavu iz kojega \u0107emo jednog dana svi morati oti\u0107i.<\/p>\n<p data-path-to-node=\"9\"><strong>\u017delimo iskoristiti ovu priliku da se bavimo onime \u0161to volimo, \u0161to nas ispunjava, i onime u \u010demu smo najbolji. Va\u0161a podr\u0161ka izravno doprinosi na\u0161oj samostalnosti i boljoj budu\u0107nosti nakon izlaska iz sustava.<\/strong><\/p>\n<p>[\/et_pb_text][\/et_pb_column][\/et_pb_row][et_pb_row column_structure=&#8221;1_2,1_2&#8243; _builder_version=&#8221;4.19.2&#8243; _module_preset=&#8221;default&#8221; locked=&#8221;off&#8221; global_colors_info=&#8221;{}&#8221;][et_pb_column type=&#8221;1_2&#8243; _builder_version=&#8221;4.19.2&#8243; _module_preset=&#8221;default&#8221; custom_padding=&#8221;6vw||||false|false&#8221; custom_padding_tablet=&#8221;0vw||||false|false&#8221; custom_padding_phone=&#8221;0vw||||false|false&#8221; custom_padding_last_edited=&#8221;on|tablet&#8221; global_colors_info=&#8221;{}&#8221;][et_pb_text _builder_version=&#8221;4.19.2&#8243; _module_preset=&#8221;f94c52f0-05cf-4ab1-a4a7-374f218dd828&#8243; custom_margin=&#8221;||10px||false|false&#8221; global_colors_info=&#8221;{}&#8221;]<\/p>\n<h2>Kako Mo\u017eete Podr\u017eati Projekt?<\/h2>\n<p>[\/et_pb_text][et_pb_text _builder_version=&#8221;4.27.5&#8243; _module_preset=&#8221;8435559a-7cc3-4a27-b19d-e7fe6748aa94&#8243; global_colors_info=&#8221;{}&#8221;]<\/p>\n<p data-path-to-node=\"12\">Va\u0161a podr\u0161ka temelj je na\u0161e inicijative. Postoji nekoliko na\u010dina na koje mo\u017eete pomo\u0107i:<\/p>\n<p data-path-to-node=\"13,0,0\"><b>Financijska podr\u0161ka (Donacije):<\/b> Na stranici <strong><span style=\"text-decoration: underline;\"><a href=\"https:\/\/za-bolje-sutra.ddmaestral.hr\/donacije\/\">DONACIJE<\/a><\/span><\/strong> nalazi se <b>QR kod<\/b> pomo\u0107u kojeg mo\u017eete donirati financijska sredstva. Ta sredstva prvenstveno idu za pla\u0107anje na\u0161eg daljnjeg obrazovanja. Manji dio svih sredstava bit \u0107e ulo\u017een i u daljnji napredak i odr\u017eavanje ovoga projekta.<\/p>\n<p data-path-to-node=\"13,1,0\"><b>\u0160irenje pri\u010de:<\/b> Svaki oblik podr\u0161ke zna\u010di, ne samo u financijskom obliku, ve\u0107 i u \u0161irenju ovoga projekta (npr. dijeljenjem na dru\u0161tvene mre\u017ee). Pomozite nam da na\u0161 glas do\u0111e do \u0161ire publike!<\/p>\n<p data-path-to-node=\"14\">I mali podsjetnik: <b>\u201eNIKADA NIJE KASNO ZA TVOJE BOLJE SUTRA!\u201c<\/b><\/p>\n<p data-path-to-node=\"15\">Zahvaljujemo se na neizmjernoj podr\u0161ci koju smo dobili za ovaj projekt!<\/p>\n<p data-path-to-node=\"16\">S ljubavlju, <b>\u201eZa bolje sutra\u201c tim &#8211; Lea i Luka<\/b><\/p>\n<p>[\/et_pb_text][\/et_pb_column][et_pb_column type=&#8221;1_2&#8243; _builder_version=&#8221;4.19.2&#8243; _module_preset=&#8221;default&#8221; global_colors_info=&#8221;{}&#8221;][et_pb_image src=&#8221;https:\/\/za-bolje-sutra.ddmaestral.hr\/wp-content\/uploads\/2025\/12\/lms-10.png&#8221; title_text=&#8221;lms-10&#8243; _builder_version=&#8221;4.19.2&#8243; _module_preset=&#8221;default&#8221; global_colors_info=&#8221;{}&#8221;][\/et_pb_image][\/et_pb_column][\/et_pb_row][\/et_pb_section][et_pb_section fb_built=&#8221;1&#8243; admin_label=&#8221;Header&#8221; _builder_version=&#8221;4.27.5&#8243; _module_preset=&#8221;default&#8221; background_color=&#8221;#ec1067&#8243; background_enable_image=&#8221;off&#8221; collapsed=&#8221;off&#8221; global_colors_info=&#8221;{}&#8221; theme_builder_area=&#8221;post_content&#8221;][et_pb_row column_structure=&#8221;3_5,2_5&#8243; _builder_version=&#8221;4.19.2&#8243; _module_preset=&#8221;default&#8221; global_colors_info=&#8221;{}&#8221; theme_builder_area=&#8221;post_content&#8221;][et_pb_column type=&#8221;3_5&#8243; _builder_version=&#8221;4.19.2&#8243; _module_preset=&#8221;default&#8221; global_colors_info=&#8221;{}&#8221; theme_builder_area=&#8221;post_content&#8221;][et_pb_text _builder_version=&#8221;4.27.5&#8243; _module_preset=&#8221;8c86c59d-a5c3-48b3-9323-438a3884829b&#8221; header_text_color=&#8221;#FFFFFF&#8221; z_index=&#8221;12&#8243; global_colors_info=&#8221;{}&#8221; theme_builder_area=&#8221;post_content&#8221;]<\/p>\n<h1>DONACIJE<\/h1>\n<p>[\/et_pb_text][et_pb_text _builder_version=&#8221;4.27.5&#8243; _module_preset=&#8221;31a45120-a26f-44f7-9e70-80f86ef10065&#8243; text_text_color=&#8221;#FFFFFF&#8221; global_colors_info=&#8221;{}&#8221; theme_builder_area=&#8221;post_content&#8221;]<\/p>\n<p>QR kod pomo\u0107u kojeg mo\u017eete donirati financijska sredstva pomo\u0107u kojih \u0107emo platiti na\u0161e daljnje obrazovanje.<\/p>\n<p>Jedan manji dio svih sredstava \u0107e i\u0107i u daljnji napredak ovog projekta.<\/p>\n<p>[\/et_pb_text][\/et_pb_column][et_pb_column type=&#8221;2_5&#8243; _builder_version=&#8221;4.19.2&#8243; _module_preset=&#8221;default&#8221; global_colors_info=&#8221;{}&#8221; theme_builder_area=&#8221;post_content&#8221;][et_pb_text _builder_version=&#8221;4.27.5&#8243; _module_preset=&#8221;default&#8221; text_text_color=&#8221;#FFFFFF&#8221; global_colors_info=&#8221;{}&#8221; theme_builder_area=&#8221;post_content&#8221;]<\/p>\n<p style=\"text-align: center;\">QR kod skenirajte Va\u0161om aplikacijom internet bankarstva<\/p>\n<p>[\/et_pb_text][et_pb_image src=&#8221;https:\/\/za-bolje-sutra.ddmaestral.hr\/wp-content\/uploads\/2025\/12\/QR.png&#8221; _builder_version=&#8221;4.27.5&#8243; _module_preset=&#8221;default&#8221; border_radii=&#8221;on|10px|10px|10px|10px&#8221; box_shadow_style=&#8221;preset1&#8243; box_shadow_horizontal=&#8221;2px&#8221; box_shadow_vertical=&#8221;0px&#8221; box_shadow_blur=&#8221;20px&#8221; box_shadow_spread=&#8221;5px&#8221; box_shadow_color=&#8221;#FFFFFF&#8221; global_colors_info=&#8221;{}&#8221; theme_builder_area=&#8221;post_content&#8221;][\/et_pb_image][\/et_pb_column][\/et_pb_row][\/et_pb_section][et_pb_section fb_built=&#8221;1&#8243; fullwidth=&#8221;on&#8221; _builder_version=&#8221;4.27.5&#8243; _module_preset=&#8221;default&#8221; global_colors_info=&#8221;{}&#8221;][et_pb_fullwidth_image src=&#8221;https:\/\/za-bolje-sutra.ddmaestral.hr\/wp-content\/uploads\/2025\/12\/zbs-100.png&#8221; _builder_version=&#8221;4.27.5&#8243; _module_preset=&#8221;default&#8221; global_colors_info=&#8221;{}&#8221;][\/et_pb_fullwidth_image][\/et_pb_section]<\/p>\n","protected":false},"excerpt":{"rendered":"<p>O projektuO projektu &#8220;Za Bolje Sutra&#8221;: Edukacija Koja Mijenja \u017divoteSmatramo da je edukacija iznimno va\u017ena, jer je klju\u010d svakog osobnog i karijernog napretka. Kroz ovaj projekt \u017eelimo vam otvoriti vrata prema novim znanjima i vje\u0161tinama, daju\u0107i vam uvid u sve Va\u0161e mogu\u0107nosti za daljnji rast i razvoj u karijernom smislu.Na\u0161a Raznolika Ponuda za Va\u0161 NapredakNa [&hellip;]<\/p>\n","protected":false},"author":1,"featured_media":0,"parent":0,"menu_order":0,"comment_status":"closed","ping_status":"closed","template":"","meta":{"_et_pb_use_builder":"on","_et_pb_old_content":"<!-- wp:divi\/placeholder \/-->","_et_gb_content_width":"","footnotes":""},"class_list":["post-25","page","type-page","status-publish","hentry"],"_links":{"self":[{"href":"https:\/\/za-bolje-sutra.ddmaestral.hr\/index.php?rest_route=\/wp\/v2\/pages\/25","targetHints":{"allow":["GET"]}}],"collection":[{"href":"https:\/\/za-bolje-sutra.ddmaestral.hr\/index.php?rest_route=\/wp\/v2\/pages"}],"about":[{"href":"https:\/\/za-bolje-sutra.ddmaestral.hr\/index.php?rest_route=\/wp\/v2\/types\/page"}],"author":[{"embeddable":true,"href":"https:\/\/za-bolje-sutra.ddmaestral.hr\/index.php?rest_route=\/wp\/v2\/users\/1"}],"replies":[{"embeddable":true,"href":"https:\/\/za-bolje-sutra.ddmaestral.hr\/index.php?rest_route=%2Fwp%2Fv2%2Fcomments&post=25"}],"version-history":[{"count":12,"href":"https:\/\/za-bolje-sutra.ddmaestral.hr\/index.php?rest_route=\/wp\/v2\/pages\/25\/revisions"}],"predecessor-version":[{"id":291,"href":"https:\/\/za-bolje-sutra.ddmaestral.hr\/index.php?rest_route=\/wp\/v2\/pages\/25\/revisions\/291"}],"wp:attachment":[{"href":"https:\/\/za-bolje-sutra.ddmaestral.hr\/index.php?rest_route=%2Fwp%2Fv2%2Fmedia&parent=25"}],"curies":[{"name":"wp","href":"https:\/\/api.w.org\/{rel}","templated":true}]}}