{"id":21,"date":"2025-07-09T22:38:32","date_gmt":"2025-07-09T22:38:32","guid":{"rendered":"https:\/\/za-bolje-sutra.ddmaestral.hr\/?page_id=21"},"modified":"2025-12-11T20:11:08","modified_gmt":"2025-12-11T19:11:08","slug":"motivacija","status":"publish","type":"page","link":"https:\/\/za-bolje-sutra.ddmaestral.hr\/?page_id=21","title":{"rendered":"Motivacija"},"content":{"rendered":"<p>[et_pb_section fb_built=&#8221;1&#8243; admin_label=&#8221;Image&#8221; _builder_version=&#8221;4.27.5&#8243; _module_preset=&#8221;default&#8221; custom_padding=&#8221;||||false|false&#8221; hover_enabled=&#8221;0&#8243; collapsed=&#8221;on&#8221; global_colors_info=&#8221;{}&#8221; background_enable_color=&#8221;off&#8221; use_background_color_gradient=&#8221;on&#8221; background_color_gradient_stops=&#8221;#282e6d 0%|#4449e0 50%|#ffffff 50%&#8221; sticky_enabled=&#8221;0&#8243;][et_pb_row _builder_version=&#8221;4.19.2&#8243; _module_preset=&#8221;default&#8221; custom_padding=&#8221;0px||0px||true|false&#8221; global_colors_info=&#8221;{}&#8221;][et_pb_column type=&#8221;4_4&#8243; _builder_version=&#8221;4.19.2&#8243; _module_preset=&#8221;default&#8221; global_colors_info=&#8221;{}&#8221;][et_pb_text _builder_version=&#8221;4.27.5&#8243; _module_preset=&#8221;347af5a3-c72a-4753-98f0-4caed0107cd3&#8243; header_text_color=&#8221;#FFFFFF&#8221; custom_margin=&#8221;||10px||false|false&#8221; global_colors_info=&#8221;{}&#8221;]<\/p>\n<h1>Motivacija<\/h1>\n<p>[\/et_pb_text][\/et_pb_column][\/et_pb_row][et_pb_row custom_padding_last_edited=&#8221;off|desktop&#8221; _builder_version=&#8221;4.19.2&#8243; _module_preset=&#8221;default&#8221; custom_padding=&#8221;0px||0px||true|false&#8221; custom_padding_tablet=&#8221;30px|30px|30px|30px|true|true&#8221; custom_padding_phone=&#8221;20px|20px|20px|20px|true|true&#8221; border_radii=&#8221;on|15px|15px|15px|15px&#8221; border_width_all=&#8221;20px&#8221; border_color_all=&#8221;#FFFFFF&#8221; global_colors_info=&#8221;{}&#8221;][et_pb_column type=&#8221;4_4&#8243; _builder_version=&#8221;4.19.2&#8243; _module_preset=&#8221;default&#8221; global_colors_info=&#8221;{}&#8221;][et_pb_image src=&#8221;https:\/\/za-bolje-sutra.ddmaestral.hr\/wp-content\/uploads\/2025\/12\/zbs-016.png&#8221; title_text=&#8221;lms-15&#8243; align=&#8221;center&#8221; force_fullwidth=&#8221;on&#8221; _builder_version=&#8221;4.27.5&#8243; _module_preset=&#8221;default&#8221; global_colors_info=&#8221;{}&#8221;][\/et_pb_image][\/et_pb_column][\/et_pb_row][\/et_pb_section][et_pb_section fb_built=&#8221;1&#8243; background_color_2=&#8221;#FFFFFF&#8221; padding_top_2=&#8221;30px&#8221; padding_right_2=&#8221;30px&#8221; padding_bottom_2=&#8221;30px&#8221; padding_left_2=&#8221;30px&#8221; padding_top_bottom_link_2=&#8221;true&#8221; padding_left_right_link_2=&#8221;true&#8221; _builder_version=&#8221;4.19.2&#8243; _module_preset=&#8221;default&#8221; background_color=&#8221;#F8FAFB&#8221; global_colors_info=&#8221;{}&#8221;][et_pb_row _builder_version=&#8221;4.19.2&#8243; _module_preset=&#8221;default&#8221; global_colors_info=&#8221;{}&#8221;][et_pb_column type=&#8221;4_4&#8243; _builder_version=&#8221;4.19.2&#8243; _module_preset=&#8221;default&#8221; global_colors_info=&#8221;{}&#8221;][et_pb_text _builder_version=&#8221;4.27.5&#8243; _module_preset=&#8221;b18dcc86-82be-42f0-a0ca-451c50ab1160&#8243; custom_margin=&#8221;||10px||false|false&#8221; locked=&#8221;off&#8221; global_colors_info=&#8221;{}&#8221;]<\/p>\n<h2>\ud83d\ude80 Motivacija: Nikada Nije Kasno za Tvoje Bolje Sutra!<\/h2>\n<p>[\/et_pb_text][et_pb_text _builder_version=&#8221;4.19.2&#8243; _module_preset=&#8221;82144740-623b-4a63-a3ee-603777fd545c&#8221; locked=&#8221;off&#8221; global_colors_info=&#8221;{}&#8221;]<\/p>\n<p data-path-to-node=\"4\">Znamo da je put prema novom znanju, karijeri ili diplomi ponekad izazovan. Motivacija je vjetar u le\u0111a koji nas gura naprijed, a mi smo tu da vas inspiriramo!<\/p>\n<p data-path-to-node=\"5\">Na\u0161 projekt &#8220;Za bolje sutra&#8221; temelji se na uvjerenju da je <b>kontinuirani rast i razvoj<\/b> klju\u010dan, pogotovo kada gradite svoju samostalnost. Zato smo za vas pripremili zbirku pomno odabranih resursa \u2013 videa, knjiga i filmova \u2013 koji \u0107e vam pomo\u0107i:<\/p>\n<ul data-path-to-node=\"6\">\n<li>\n<p data-path-to-node=\"6,0,0\"><b>Zapaliti iskru<\/b> kada vam se \u010dini da ponestaje energije.<\/p>\n<\/li>\n<li>\n<p data-path-to-node=\"6,1,0\"><b>Odr\u017eati fokus<\/b> na svojim ciljevima.<\/p>\n<\/li>\n<li>\n<p data-path-to-node=\"6,2,0\"><b>Vjerovati u sebe<\/b>, ba\u0161 kao \u0161to mi vjerujemo u vas.<\/p>\n<\/li>\n<\/ul>\n<p data-path-to-node=\"7\">Inspirirajte se pri\u010dama o uspjehu, nau\u010dite nove tehnike planiranja i podsjetite se za\u0161to je va\u0161e ulaganje u edukaciju <b>najva\u017enija investicija<\/b>.<\/p>\n<p data-path-to-node=\"8\"><b>Krenimo zajedno!<\/b> Ovdje \u0107ete prona\u0107i sve \u0161to vam treba za dodatni poticaj na va\u0161em putu prema boljem sutra.<\/p>\n<p>[\/et_pb_text][et_pb_accordion toggle_icon=&#8221;&#x22;||divi||400&#8243; _builder_version=&#8221;4.27.5&#8243; _module_preset=&#8221;f6382139-9340-4c5b-a31b-d4a8aa46b516&#8243; locked=&#8221;off&#8221; global_colors_info=&#8221;{}&#8221;][et_pb_accordion_item title=&#8221;Filmovi&#8221; open=&#8221;on&#8221; _builder_version=&#8221;4.19.2&#8243; _module_preset=&#8221;default&#8221; global_colors_info=&#8221;{}&#8221;]<\/p>\n<p data-path-to-node=\"4\">Film 1<\/p>\n<p>[\/et_pb_accordion_item][et_pb_accordion_item title=&#8221;Knjige&#8221; _builder_version=&#8221;4.19.2&#8243; _module_preset=&#8221;default&#8221; global_colors_info=&#8221;{}&#8221; open=&#8221;off&#8221;]<\/p>\n<p>Knjiga 1<\/p>\n<p>[\/et_pb_accordion_item][et_pb_accordion_item title=&#8221;Video zapisi&#8221; _builder_version=&#8221;4.19.2&#8243; _module_preset=&#8221;default&#8221; global_colors_info=&#8221;{}&#8221; open=&#8221;off&#8221;]<\/p>\n<p>Video 1<\/p>\n<p>[\/et_pb_accordion_item][et_pb_accordion_item title=&#8221;Web stranice&#8221; _builder_version=&#8221;4.19.2&#8243; _module_preset=&#8221;default&#8221; global_colors_info=&#8221;{}&#8221; open=&#8221;off&#8221;]<\/p>\n<p>Stranica 1<\/p>\n<p>[\/et_pb_accordion_item][\/et_pb_accordion][\/et_pb_column][\/et_pb_row][\/et_pb_section][et_pb_section fb_built=&#8221;1&#8243; fullwidth=&#8221;on&#8221; _builder_version=&#8221;4.27.5&#8243; _module_preset=&#8221;default&#8221; global_colors_info=&#8221;{}&#8221;][et_pb_fullwidth_image src=&#8221;https:\/\/za-bolje-sutra.ddmaestral.hr\/wp-content\/uploads\/2025\/12\/zbs-100.png&#8221; _builder_version=&#8221;4.27.5&#8243; _module_preset=&#8221;default&#8221; global_colors_info=&#8221;{}&#8221;][\/et_pb_fullwidth_image][\/et_pb_section]<\/p>\n","protected":false},"excerpt":{"rendered":"<p>Motivacija\ud83d\ude80 Motivacija: Nikada Nije Kasno za Tvoje Bolje Sutra!Znamo da je put prema novom znanju, karijeri ili diplomi ponekad izazovan. Motivacija je vjetar u le\u0111a koji nas gura naprijed, a mi smo tu da vas inspiriramo! Na\u0161 projekt &#8220;Za bolje sutra&#8221; temelji se na uvjerenju da je kontinuirani rast i razvoj klju\u010dan, pogotovo kada gradite [&hellip;]<\/p>\n","protected":false},"author":1,"featured_media":0,"parent":0,"menu_order":0,"comment_status":"closed","ping_status":"closed","template":"","meta":{"_et_pb_use_builder":"on","_et_pb_old_content":"","_et_gb_content_width":"","footnotes":""},"class_list":["post-21","page","type-page","status-publish","hentry"],"_links":{"self":[{"href":"https:\/\/za-bolje-sutra.ddmaestral.hr\/index.php?rest_route=\/wp\/v2\/pages\/21","targetHints":{"allow":["GET"]}}],"collection":[{"href":"https:\/\/za-bolje-sutra.ddmaestral.hr\/index.php?rest_route=\/wp\/v2\/pages"}],"about":[{"href":"https:\/\/za-bolje-sutra.ddmaestral.hr\/index.php?rest_route=\/wp\/v2\/types\/page"}],"author":[{"embeddable":true,"href":"https:\/\/za-bolje-sutra.ddmaestral.hr\/index.php?rest_route=\/wp\/v2\/users\/1"}],"replies":[{"embeddable":true,"href":"https:\/\/za-bolje-sutra.ddmaestral.hr\/index.php?rest_route=%2Fwp%2Fv2%2Fcomments&post=21"}],"version-history":[{"count":11,"href":"https:\/\/za-bolje-sutra.ddmaestral.hr\/index.php?rest_route=\/wp\/v2\/pages\/21\/revisions"}],"predecessor-version":[{"id":275,"href":"https:\/\/za-bolje-sutra.ddmaestral.hr\/index.php?rest_route=\/wp\/v2\/pages\/21\/revisions\/275"}],"wp:attachment":[{"href":"https:\/\/za-bolje-sutra.ddmaestral.hr\/index.php?rest_route=%2Fwp%2Fv2%2Fmedia&parent=21"}],"curies":[{"name":"wp","href":"https:\/\/api.w.org\/{rel}","templated":true}]}}